{"id":1147,"date":"2023-11-13T15:28:01","date_gmt":"2023-11-13T18:28:01","guid":{"rendered":"http:\/\/outec.com.br\/?page_id=1147"},"modified":"2023-11-14T17:36:34","modified_gmt":"2023-11-14T20:36:34","slug":"gestao-e-certificados","status":"publish","type":"page","link":"http:\/\/outec.com.br\/?page_id=1147","title":{"rendered":"GEST\u00c3O E CERTIFICADOS"},"content":{"rendered":"\t\t<div data-elementor-type=\"wp-page\" data-elementor-id=\"1147\" class=\"elementor elementor-1147\">\n\t\t\t\t\t\t\t\t\t<section class=\"elementor-section elementor-top-section elementor-element elementor-element-1f53748 elementor-section-boxed elementor-section-height-default elementor-section-height-default\" data-id=\"1f53748\" data-element_type=\"section\" data-settings=\"{&quot;background_background&quot;:&quot;classic&quot;}\">\n\t\t\t\t\t\t\t<div class=\"elementor-background-overlay\"><\/div>\n\t\t\t\t\t\t\t<div class=\"elementor-container elementor-column-gap-no\">\n\t\t\t\t\t<div class=\"elementor-column elementor-col-100 elementor-top-column elementor-element elementor-element-f757df1\" data-id=\"f757df1\" data-element_type=\"column\">\n\t\t\t<div class=\"elementor-widget-wrap elementor-element-populated\">\n\t\t\t\t\t\t\t\t<div class=\"elementor-element elementor-element-99e945e elementor-widget elementor-widget-heading\" data-id=\"99e945e\" data-element_type=\"widget\" data-widget_type=\"heading.default\">\n\t\t\t\t<div class=\"elementor-widget-container\">\n\t\t\t<style>\/*! elementor - v3.17.0 - 08-11-2023 *\/\n.elementor-heading-title{padding:0;margin:0;line-height:1}.elementor-widget-heading .elementor-heading-title[class*=elementor-size-]>a{color:inherit;font-size:inherit;line-height:inherit}.elementor-widget-heading .elementor-heading-title.elementor-size-small{font-size:15px}.elementor-widget-heading .elementor-heading-title.elementor-size-medium{font-size:19px}.elementor-widget-heading .elementor-heading-title.elementor-size-large{font-size:29px}.elementor-widget-heading .elementor-heading-title.elementor-size-xl{font-size:39px}.elementor-widget-heading .elementor-heading-title.elementor-size-xxl{font-size:59px}<\/style><h1 class=\"elementor-heading-title elementor-size-default\">POL\u00cdTICA DO SISTEMA DE GEST\u00c3O<\/h1>\t\t<\/div>\n\t\t\t\t<\/div>\n\t\t\t\t\t<\/div>\n\t\t<\/div>\n\t\t\t\t\t\t\t<\/div>\n\t\t<\/section>\n\t\t<div class=\"elementor-element elementor-element-7eb80cb e-flex e-con-boxed e-con e-parent\" data-id=\"7eb80cb\" data-element_type=\"container\" data-settings=\"{&quot;background_background&quot;:&quot;classic&quot;,&quot;content_width&quot;:&quot;boxed&quot;}\" data-core-v316-plus=\"true\">\n\t\t\t\t\t<div class=\"e-con-inner\">\n\t\t\t\t<div class=\"elementor-element elementor-element-abcfe20 elementor-widget elementor-widget-spacer\" data-id=\"abcfe20\" data-element_type=\"widget\" data-widget_type=\"spacer.default\">\n\t\t\t\t<div class=\"elementor-widget-container\">\n\t\t\t<style>\/*! elementor - v3.17.0 - 08-11-2023 *\/\n.elementor-column .elementor-spacer-inner{height:var(--spacer-size)}.e-con{--container-widget-width:100%}.e-con-inner>.elementor-widget-spacer,.e-con>.elementor-widget-spacer{width:var(--container-widget-width,var(--spacer-size));--align-self:var(--container-widget-align-self,initial);--flex-shrink:0}.e-con-inner>.elementor-widget-spacer>.elementor-widget-container,.e-con>.elementor-widget-spacer>.elementor-widget-container{height:100%;width:100%}.e-con-inner>.elementor-widget-spacer>.elementor-widget-container>.elementor-spacer,.e-con>.elementor-widget-spacer>.elementor-widget-container>.elementor-spacer{height:100%}.e-con-inner>.elementor-widget-spacer>.elementor-widget-container>.elementor-spacer>.elementor-spacer-inner,.e-con>.elementor-widget-spacer>.elementor-widget-container>.elementor-spacer>.elementor-spacer-inner{height:var(--container-widget-height,var(--spacer-size))}.e-con-inner>.elementor-widget-spacer.elementor-widget-empty,.e-con>.elementor-widget-spacer.elementor-widget-empty{position:relative;min-height:22px;min-width:22px}.e-con-inner>.elementor-widget-spacer.elementor-widget-empty .elementor-widget-empty-icon,.e-con>.elementor-widget-spacer.elementor-widget-empty .elementor-widget-empty-icon{position:absolute;top:0;bottom:0;left:0;right:0;margin:auto;padding:0;width:22px;height:22px}<\/style>\t\t<div class=\"elementor-spacer\">\n\t\t\t<div class=\"elementor-spacer-inner\"><\/div>\n\t\t<\/div>\n\t\t\t\t<\/div>\n\t\t\t\t<\/div>\n\t\t\t\t\t<\/div>\n\t\t\t\t<\/div>\n\t\t<div class=\"elementor-element elementor-element-c305bb3 e-flex e-con-boxed e-con e-parent\" data-id=\"c305bb3\" data-element_type=\"container\" data-settings=\"{&quot;background_background&quot;:&quot;classic&quot;,&quot;content_width&quot;:&quot;boxed&quot;}\" data-core-v316-plus=\"true\">\n\t\t\t\t\t<div class=\"e-con-inner\">\n\t\t\t\t<div class=\"elementor-element elementor-element-a3d0b66 elementor-widget elementor-widget-text-editor\" data-id=\"a3d0b66\" data-element_type=\"widget\" data-widget_type=\"text-editor.default\">\n\t\t\t\t<div class=\"elementor-widget-container\">\n\t\t\t<style>\/*! elementor - v3.17.0 - 08-11-2023 *\/\n.elementor-widget-text-editor.elementor-drop-cap-view-stacked .elementor-drop-cap{background-color:#69727d;color:#fff}.elementor-widget-text-editor.elementor-drop-cap-view-framed .elementor-drop-cap{color:#69727d;border:3px solid;background-color:transparent}.elementor-widget-text-editor:not(.elementor-drop-cap-view-default) .elementor-drop-cap{margin-top:8px}.elementor-widget-text-editor:not(.elementor-drop-cap-view-default) .elementor-drop-cap-letter{width:1em;height:1em}.elementor-widget-text-editor .elementor-drop-cap{float:left;text-align:center;line-height:1;font-size:50px}.elementor-widget-text-editor .elementor-drop-cap-letter{display:inline-block}<\/style>\t\t\t\t<p>A OUTEC Engenharia determinou como Pol\u00edtica do Sistema de Gest\u00e3o de Qualidade, Meio ambiente e Sa\u00fade e Seguran\u00e7a a:<\/p><ul><li>Satisfa\u00e7\u00e3o dos nossos clientes por meio do atendimento de suas requisi\u00e7\u00f5es e requisitos para a presta\u00e7\u00e3o dos servi\u00e7os;<\/li><li>Atendimento e obedi\u00eancia \u00e0 toda e qualquer legisla\u00e7\u00e3o aplic\u00e1vel em especial aos comandos normativos existentes na lei n\u00ba 12.846\/2013 (Lei Anticorrup\u00e7\u00e3o), estabelecendo compromissos voltados \u00e0 elabora\u00e7\u00e3o de medidas, regras e condutas em completa sintonia com seus padr\u00f5es de integridade, legalidade e transpar\u00eancia de suas atos;<\/li><li>Melhorar continuamente os processos, servi\u00e7os e o sistema de gest\u00e3o;<\/li><li>Selecionar Prestadores de servi\u00e7o com o mesmo conceito de Qualidade, Meio Ambiente e Sa\u00fade e Seguran\u00e7a;<\/li><li>Assegurar a compet\u00eancia do corpo t\u00e9cnico e a conscientiza\u00e7\u00e3o deste sobre a import\u00e2ncia de Qualidade, Meio Ambiente e Sa\u00fade e Seguran\u00e7a em suas atividades<\/li><li>Proteger o meio ambiente e prevenir a polui\u00e7\u00e3o;<\/li><li>Elimina\u00e7\u00e3o de perigos e redu\u00e7\u00e3o dos riscos de seguran\u00e7a e sa\u00fade dos nossos colaboradores provendo condi\u00e7\u00f5es de trabalho seguras e saud\u00e1veis prevenindo le\u00f5es e doen\u00e7as relacionadas ao trabalho;<\/li><li>Consulta e participa\u00e7\u00e3o dos trabalhadores e, onde existam, representante dos trabalhadores.<\/li><\/ul>\t\t\t\t\t\t<\/div>\n\t\t\t\t<\/div>\n\t\t\t\t\t<\/div>\n\t\t\t\t<\/div>\n\t\t<div class=\"elementor-element elementor-element-e29b830 e-flex e-con-boxed e-con e-parent\" data-id=\"e29b830\" data-element_type=\"container\" data-settings=\"{&quot;background_background&quot;:&quot;classic&quot;,&quot;content_width&quot;:&quot;boxed&quot;}\" data-core-v316-plus=\"true\">\n\t\t\t\t\t<div class=\"e-con-inner\">\n\t\t\t\t<div class=\"elementor-element elementor-element-e57943d elementor-widget elementor-widget-spacer\" data-id=\"e57943d\" data-element_type=\"widget\" data-widget_type=\"spacer.default\">\n\t\t\t\t<div class=\"elementor-widget-container\">\n\t\t\t\t\t<div class=\"elementor-spacer\">\n\t\t\t<div class=\"elementor-spacer-inner\"><\/div>\n\t\t<\/div>\n\t\t\t\t<\/div>\n\t\t\t\t<\/div>\n\t\t\t\t\t<\/div>\n\t\t\t\t<\/div>\n\t\t<div class=\"elementor-element elementor-element-3da985c e-flex e-con-boxed e-con e-parent\" data-id=\"3da985c\" data-element_type=\"container\" data-settings=\"{&quot;background_background&quot;:&quot;classic&quot;,&quot;content_width&quot;:&quot;boxed&quot;}\" data-core-v316-plus=\"true\">\n\t\t\t\t\t<div class=\"e-con-inner\">\n\t\t\t\t<div class=\"elementor-element elementor-element-04797e1 elementor-widget elementor-widget-image\" data-id=\"04797e1\" data-element_type=\"widget\" data-widget_type=\"image.default\">\n\t\t\t\t<div class=\"elementor-widget-container\">\n\t\t\t<style>\/*! elementor - v3.17.0 - 08-11-2023 *\/\n.elementor-widget-image{text-align:center}.elementor-widget-image a{display:inline-block}.elementor-widget-image a img[src$=\".svg\"]{width:48px}.elementor-widget-image img{vertical-align:middle;display:inline-block}<\/style>\t\t\t\t\t\t\t\t\t\t\t\t<img fetchpriority=\"high\" decoding=\"async\" width=\"300\" height=\"300\" src=\"http:\/\/outec.com.br\/wp-content\/uploads\/2023\/11\/WhatsApp-Image-2022-12-19-at-12.12.57-300x300.jpeg\" class=\"attachment-medium size-medium wp-image-1168\" alt=\"\" srcset=\"http:\/\/outec.com.br\/wp-content\/uploads\/2023\/11\/WhatsApp-Image-2022-12-19-at-12.12.57-300x300.jpeg 300w, http:\/\/outec.com.br\/wp-content\/uploads\/2023\/11\/WhatsApp-Image-2022-12-19-at-12.12.57-1024x1024.jpeg 1024w, http:\/\/outec.com.br\/wp-content\/uploads\/2023\/11\/WhatsApp-Image-2022-12-19-at-12.12.57-150x150.jpeg 150w, http:\/\/outec.com.br\/wp-content\/uploads\/2023\/11\/WhatsApp-Image-2022-12-19-at-12.12.57-768x768.jpeg 768w, http:\/\/outec.com.br\/wp-content\/uploads\/2023\/11\/WhatsApp-Image-2022-12-19-at-12.12.57.jpeg 1280w\" sizes=\"(max-width: 300px) 100vw, 300px\" \/>\t\t\t\t\t\t\t\t\t\t\t\t\t\t\t<\/div>\n\t\t\t\t<\/div>\n\t\t\t\t<div class=\"elementor-element elementor-element-d56a149 elementor-widget elementor-widget-image\" data-id=\"d56a149\" data-element_type=\"widget\" data-widget_type=\"image.default\">\n\t\t\t\t<div class=\"elementor-widget-container\">\n\t\t\t\t\t\t\t\t\t\t\t\t\t\t\t<img decoding=\"async\" width=\"300\" height=\"300\" src=\"http:\/\/outec.com.br\/wp-content\/uploads\/2023\/11\/WhatsApp-Image-2022-12-19-at-12.12.57-2-300x300.jpeg\" class=\"attachment-medium size-medium wp-image-1166\" alt=\"\" srcset=\"http:\/\/outec.com.br\/wp-content\/uploads\/2023\/11\/WhatsApp-Image-2022-12-19-at-12.12.57-2-300x300.jpeg 300w, http:\/\/outec.com.br\/wp-content\/uploads\/2023\/11\/WhatsApp-Image-2022-12-19-at-12.12.57-2-150x150.jpeg 150w, http:\/\/outec.com.br\/wp-content\/uploads\/2023\/11\/WhatsApp-Image-2022-12-19-at-12.12.57-2.jpeg 500w\" sizes=\"(max-width: 300px) 100vw, 300px\" \/>\t\t\t\t\t\t\t\t\t\t\t\t\t\t\t<\/div>\n\t\t\t\t<\/div>\n\t\t\t\t<div class=\"elementor-element elementor-element-e10b3a3 elementor-widget elementor-widget-image\" data-id=\"e10b3a3\" data-element_type=\"widget\" data-widget_type=\"image.default\">\n\t\t\t\t<div class=\"elementor-widget-container\">\n\t\t\t\t\t\t\t\t\t\t\t\t\t\t\t<img decoding=\"async\" width=\"300\" height=\"300\" src=\"http:\/\/outec.com.br\/wp-content\/uploads\/2023\/11\/WhatsApp-Image-2022-12-19-at-12.12.57-1-300x300.jpeg\" class=\"attachment-medium size-medium wp-image-1165\" alt=\"\" srcset=\"http:\/\/outec.com.br\/wp-content\/uploads\/2023\/11\/WhatsApp-Image-2022-12-19-at-12.12.57-1-300x300.jpeg 300w, http:\/\/outec.com.br\/wp-content\/uploads\/2023\/11\/WhatsApp-Image-2022-12-19-at-12.12.57-1-150x150.jpeg 150w, http:\/\/outec.com.br\/wp-content\/uploads\/2023\/11\/WhatsApp-Image-2022-12-19-at-12.12.57-1.jpeg 500w\" sizes=\"(max-width: 300px) 100vw, 300px\" \/>\t\t\t\t\t\t\t\t\t\t\t\t\t\t\t<\/div>\n\t\t\t\t<\/div>\n\t\t\t\t\t<\/div>\n\t\t\t\t<\/div>\n\t\t<div class=\"elementor-element elementor-element-1ec52a9 e-flex e-con-boxed e-con e-parent\" data-id=\"1ec52a9\" data-element_type=\"container\" data-settings=\"{&quot;background_background&quot;:&quot;classic&quot;,&quot;content_width&quot;:&quot;boxed&quot;}\" data-core-v316-plus=\"true\">\n\t\t\t\t\t<div class=\"e-con-inner\">\n\t\t\t\t<div class=\"elementor-element elementor-element-0593141 elementor-widget elementor-widget-spacer\" data-id=\"0593141\" data-element_type=\"widget\" data-widget_type=\"spacer.default\">\n\t\t\t\t<div class=\"elementor-widget-container\">\n\t\t\t\t\t<div class=\"elementor-spacer\">\n\t\t\t<div class=\"elementor-spacer-inner\"><\/div>\n\t\t<\/div>\n\t\t\t\t<\/div>\n\t\t\t\t<\/div>\n\t\t\t\t\t<\/div>\n\t\t\t\t<\/div>\n\t\t<div class=\"elementor-element elementor-element-44eab6a e-flex e-con-boxed e-con e-parent\" data-id=\"44eab6a\" data-element_type=\"container\" data-settings=\"{&quot;content_width&quot;:&quot;boxed&quot;}\" data-core-v316-plus=\"true\">\n\t\t\t\t\t<div class=\"e-con-inner\">\n\t\t\t\t\t<\/div>\n\t\t\t\t<\/div>\n\t\t\t\t\t\t\t<\/div>\n\t\t","protected":false},"excerpt":{"rendered":"<p>POL\u00cdTICA DO SISTEMA DE GEST\u00c3O A OUTEC Engenharia determinou como Pol\u00edtica do Sistema de Gest\u00e3o de Qualidade, Meio ambiente e Sa\u00fade e Seguran\u00e7a a: Satisfa\u00e7\u00e3o dos nossos clientes por meio do atendimento de suas requisi\u00e7\u00f5es e requisitos para a presta\u00e7\u00e3o dos servi\u00e7os; Atendimento e obedi\u00eancia \u00e0 toda e qualquer legisla\u00e7\u00e3o aplic\u00e1vel em especial aos comandos &hellip;<\/p>\n<p class=\"read-more\"> <a class=\"\" href=\"http:\/\/outec.com.br\/?page_id=1147\"> <span class=\"screen-reader-text\">GEST\u00c3O E CERTIFICADOS<\/span> Leia mais &raquo;<\/a><\/p>\n","protected":false},"author":1,"featured_media":0,"parent":0,"menu_order":0,"comment_status":"closed","ping_status":"closed","template":"","meta":{"site-sidebar-layout":"no-sidebar","site-content-layout":"page-builder","ast-site-content-layout":"full-width-container","site-content-style":"default","site-sidebar-style":"default","ast-global-header-display":"","ast-banner-title-visibility":"","ast-main-header-display":"","ast-hfb-above-header-display":"","ast-hfb-below-header-display":"","ast-hfb-mobile-header-display":"","site-post-title":"disabled","ast-breadcrumbs-content":"","ast-featured-img":"disabled","footer-sml-layout":"","theme-transparent-header-meta":"","adv-header-id-meta":"","stick-header-meta":"","header-above-stick-meta":"","header-main-stick-meta":"","header-below-stick-meta":"","astra-migrate-meta-layouts":"","ast-page-background-enabled":"default","ast-page-background-meta":{"desktop":{"background-color":"var(--ast-global-color-4)","background-image":"","background-repeat":"repeat","background-position":"center center","background-size":"auto","background-attachment":"scroll","background-type":"","background-media":"","overlay-type":"","overlay-color":"","overlay-gradient":""},"tablet":{"background-color":"","background-image":"","background-repeat":"repeat","background-position":"center center","background-size":"auto","background-attachment":"scroll","background-type":"","background-media":"","overlay-type":"","overlay-color":"","overlay-gradient":""},"mobile":{"background-color":"","background-image":"","background-repeat":"repeat","background-position":"center center","background-size":"auto","background-attachment":"scroll","background-type":"","background-media":"","overlay-type":"","overlay-color":"","overlay-gradient":""}},"ast-content-background-meta":{"desktop":{"background-color":"var(--ast-global-color-5)","background-image":"","background-repeat":"repeat","background-position":"center center","background-size":"auto","background-attachment":"scroll","background-type":"","background-media":"","overlay-type":"","overlay-color":"","overlay-gradient":""},"tablet":{"background-color":"var(--ast-global-color-5)","background-image":"","background-repeat":"repeat","background-position":"center center","background-size":"auto","background-attachment":"scroll","background-type":"","background-media":"","overlay-type":"","overlay-color":"","overlay-gradient":""},"mobile":{"background-color":"var(--ast-global-color-5)","background-image":"","background-repeat":"repeat","background-position":"center center","background-size":"auto","background-attachment":"scroll","background-type":"","background-media":"","overlay-type":"","overlay-color":"","overlay-gradient":""}}},"_links":{"self":[{"href":"http:\/\/outec.com.br\/index.php?rest_route=\/wp\/v2\/pages\/1147"}],"collection":[{"href":"http:\/\/outec.com.br\/index.php?rest_route=\/wp\/v2\/pages"}],"about":[{"href":"http:\/\/outec.com.br\/index.php?rest_route=\/wp\/v2\/types\/page"}],"author":[{"embeddable":true,"href":"http:\/\/outec.com.br\/index.php?rest_route=\/wp\/v2\/users\/1"}],"replies":[{"embeddable":true,"href":"http:\/\/outec.com.br\/index.php?rest_route=%2Fwp%2Fv2%2Fcomments&post=1147"}],"version-history":[{"count":20,"href":"http:\/\/outec.com.br\/index.php?rest_route=\/wp\/v2\/pages\/1147\/revisions"}],"predecessor-version":[{"id":1357,"href":"http:\/\/outec.com.br\/index.php?rest_route=\/wp\/v2\/pages\/1147\/revisions\/1357"}],"wp:attachment":[{"href":"http:\/\/outec.com.br\/index.php?rest_route=%2Fwp%2Fv2%2Fmedia&parent=1147"}],"curies":[{"name":"wp","href":"https:\/\/api.w.org\/{rel}","templated":true}]}}